2415. Determine d(1).
8
Let y(q) = 8*q**3 + 33*q**2 + 81*q + 273. Give y(-6).
-753
Let h(v) = 2*v**2 + 2493*v - 507148. Give h(178).
-26
Let k(u) = 19909*u**2 - 437991*u - 66. Calculate k(22).
88
Let z(s) = -s**3 - 91*s**2 + 377*s - 18. Give z(4).
-30
Let f(z) = 12*z**3 + 234*z**2 + 92*z - 25. Determine f(-19).
393
Let d(v) = -107*v**2 - 200*v + 200. What is d(1)?
-107
Let w(c) = -1095*c**3 + 56*c**2 - 52*c - 6. What is w(1)?
-1097
Let o(g) = 53*g - 147. Calculate o(4).
65
Let g(t) = 381*t**2 - 5331*t - 13. What is g(14)?
29
Let p(x) = 13*x**2 - 49*x - 5699. Give p(-19).
-75
Let q(w) = -140443*w - 1404439. Calculate q(-10).
-9
Let c(t) = 4*t**2 + 584*t + 7491. Determine c(-14).
99
Let z(r) = -225*r - 6581. Determine z(-31).
394
Let s(f) = -264*f**2 + 11575*f + 1771. Give s(44).
-33
Let j(k) = -155*k - 3907. Calculate j(-29).
588
Let y(w) = 100*w**2 + 4231*w - 2750. Give y(-43).
217
Let u(l) = -l**3 - 4*l**2 + 237*l + 1705. What is u(-9)?
-23
Let i(q) = -214*q + 4824. Give i(21).
330
Let f(q) = 2*q**3 + 519*q**2 + 183*q - 19673. Determine f(-259).
11
Let f(r) = -4282*r - 102763. Determine f(-24).
5
Let i(s) = -s**2 + 137*s - 1821. Give i(122).
9
Let f(o) = o**3 + 56*o**2 + 183*o + 1244. Determine f(-53).
-28
Let n(v) = -80*v**2 + 8881*v - 84. What is n(111)?
27
Let o(m) = 2364*m + 124839. Give o(-53).
-453
Let l(j) = j**3 - 65*j - 267. Give l(-5).
-67
Let u(c) = 24*c**2 - 1015*c - 592. Determine u(43).
139
Let m(v) = -2*v**3 + 15*v**2 + 477*v + 7. Determine m(20).
-453
Let f(g) = -7002*g - 48847. Calculate f(-7).
167
Let m(q) = -q**3 + 65*q**2 - 639*q + 52. Determine m(11).
-443
Let x(f) = 22*f**2 - 565*f - 7188. Calculate x(35).
-13
Let k(t) = 565296*t + 3391780. What is k(-6)?
4
Let x(y) = y**3 - 13*y**2 + 383*y - 5552. Give x(14).
6
Let k(q) = -q**3 + 162*q**2 + 64*q + 16101. Determine k(163).
-36
Let r(u) = -24*u**2 + 5203*u + 1086. Determine r(217).
1
Let q(u) = 3*u**3 + 179*u**2 + 58*u - 39143. Give q(-55).
17
Let n(x) = x**3 - 12*x**2 + 33*x - 21. Determine n(12).
375
Let m(d) = -2700*d + 14725. Calculate m(6).
-1475
Let t(z) = z**3 + 11*z**2 - 1303*z + 8219. What is t(7)?
-20
Let x(g) = -282*g**2 - 20551*g + 2557. Determine x(-73).
2
Let h(u) = 170*u + 337. Determine h(-2).
-3
Let u(b) = -497*b - 127456. Give u(-256).
-224
Let p(q) = 991*q + 30021. Calculate p(-31).
-700
Let s(z) = z**3 + 25*z**2 + 471*z + 9767. Calculate s(-23).
-8
Let v(z) = -2*z**2 - 72*z + 512. Give v(-39).
278
Let x(p) = 3*p**3 - 52*p**2 + 527*p - 70. Calculate x(9).
2648
Let a(h) = 8*h**2 + 144*h - 6. Calculate a(-18).
-6
Let p(n) = -n**3 + 97*n**2 + 172*n + 2559. Calculate p(99).
-15
Let r(n) = 6*n**2 + 2032*n + 45209. Calculate r(-24).
-103
Let d(l) = 10*l + 1192. Determine d(-79).
402
Let a(n) = -762*n + 50347. Calculate a(66).
55
Let x(s) = -1073*s**2 + 4117*s - 1. Give x(4).
-701
Let a(g) = 34372*g + 4159005. Give a(-121).
-7
Let m(i) = 3819*i - 141305. What is m(37)?
-2
Let w(r) = 5354*r**2 - 53540*r + 2. Calculate w(10).
2
Let k(d) = 21161*d - 169290. Determine k(8).
-2
Let w(o) = -84857*o - 13. Give w(0).
-13
Let f(h) = -h**3 + 311*h**2 - 3898*h + 318. Calculate f(13).
6
Let k(z) = -2*z**3 - 35*z**2 - 210*z - 885. Give k(-11).
-148
Let o(y) = 4767*y - 228661. Determine o(48).
155
Let u(k) = 2*k**3 + 2*k**2 - 4*k - 213. Determine u(0).
-213
Let s(l) = 182*l**2 + 62241*l - 1300. Calculate s(-342).
-274
Let v(c) = -10*c**3 - 379*c**2 + 567*c + 20108. Determine v(-38).
6
Let g(i) = -i**3 - 14*i**2 + 578*i + 93. Give g(18).
129
Let v(p) = p**3 + 203*p**2 - 373*p + 7597. Determine v(-205).
12
Let x(s) = 3*s**2 + 264*s + 438. Determine x(-88).
438
Let v(b) = 18*b - 2087. Give v(103).
-233
Let v(l) = l**3 - 8*l**2 + 41*l - 205. Determine v(7).
33
Let j(u) = -u**3 + 81*u**2 - 796*u + 308. What is j(11)?
22
Let l(w) = w**2 + 482*w + 4951. Calculate l(-10).
231
Let h(n) = 27*n**3 - 227*n**2 + 20*n + 557. Calculate h(8).
13
Let s(y) = -833*y**2 + 255731*y + 9. What is s(307)?
9
Let h(w) = 7*w**3 + 686*w**2 - w - 417. Determine h(-98).
-319
Let v(u) = 148*u + 4048. Determine v(-27).
52
Let n(t) = 496*t - 23874. Determine n(48).
-66
Let y(i) = -223293*i - 893216. Calculate y(-4).
-44
Let v(k) = -4*k**2 - 261*k - 1989. Determine v(-9).
36
Let y(d) = 2890*d + 21694. Give y(-7).
1464
Let p(v) = -10*v**2 + 1009*v - 20356. Determine p(73).
11
Let d(i) = 2316*i**2 + 118112*i - 170. What is d(-51)?
34
Let r(m) = -270*m + 25815. Calculate r(96).
-105
Let q(s) = 289401*s + 1157596. What is q(-4)?
-8
Let h(r) = 4*r**2 - 104*r - 96. Determine h(31).
524
Let q(a) = 2554*a + 27157. Give q(-11).
-937
Let n(p) = -41637*p - 582942. Determine n(-14).
-24
Let o(p) = -2*p**3 + 35*p**2 - 317*p + 460. What is o(14)?
-2606
Let y(p) = p**3 - 6*p**2 - 535*p + 2166. Calculate y(4).
-6
Let s(p) = -34*p**2 - 96*p - 1036. Determine s(-10).
-3476
Let o(z) = -63*z**2 + 386*z - 350. Calculate o(5).
5
Let r(c) = -9812*c - 991179. Calculate r(-101).
-167
Let n(h) = -95694*h + 861246. Give n(9).
0
Let r(d) = -d**3 - 121*d**2 + 130*d + 977. Calculate r(-122).
1
Let s(r) = -19005*r + 608156. Determine s(32).
-4
Let p(y) = -2*y**2 + 426*y - 9661. Determine p(191).
-1257
Let i(d) = 45*d**2 + 2171*d + 13375. Determine i(-41).
9
Let o(d) = 15*d**3 + 4893*d**2 + 5852*d + 643. Determine o(-325).
-7
Let z(p) = 4*p**2 + 842*p - 6975. Give z(8).
17
Let a(w) = w**2 + 58951*w - 766526. What is a(13)?
6
Let v(m) = 4*m**2 + 1934*m + 201848. Give v(-331).
-62
Let y(s) = -17030*s - 68127. What is y(-4)?
-7
Let r(t) = -7*t**3 + 489*t**2 + 208114*t - 273. Calculate r(-141).
9
Let i(b) = -4*b**3 + 216*b**2 - 7*b + 190. Give i(54).
-188
Let y(i) = 11*i**3 - 60*i**2 + 205*i - 629. Give y(4).
-65
Let d(f) = 5*f**2 + 167*f - 1366. Give d(-39).
-274
Let a(w) = w**2 + 166*w + 2107. Give a(-17).
-426
Let t(s) = 30317*s + 970129. Give t(-32).
-15
Let p(h) = 4300*h + 100588. What is p(-23)?
1688
Let y(w) = -2*w**3 + 194*w**2 + 1004*w - 82. Calculate y(-5).
-2
Let g(l) = -10*l**2 - 176*l + 614. Determine g(3).
-4
Let a(x) = 2315*x**2 - 10930*x - 3234. What is a(5)?
-9
Let f(m) = 343*m - 79330. Give f(231).
-97
Let h(o) = -1206*o + 26355. Give h(22).
-177
Let o(k) = -24*k**3 - 1367*k**2 + 60*k + 31. Determine o(-57).
-140
Let o(f) = -17388*f - 17106. Determine o(-1).
282
Let h(t) = -3*t**2 + 3293*t - 26372. Calculate h(8).
-220
Let j(t) = -6*t**2 + 5477*t + 44072. Determine j(-8).
-128
Let m(b) = 23717*b + 1944801. Determine m(-82).
7
Let w(d) = -d**3 + 271*d**2 + 1130*d - 8254. Give w(275).
-4
Let j(w) = -11*w**2 - 613*w - 2565. Determine j(-51).
87
Let x(g) = -g**2 - 250*g + 23630. Give x(73).
51
Let f(c) = -10*c**2 + 1003*c + 123. What is f(101)?
-584
Let g(z) = -11487*z + 34071. Give g(3).
-390
Let m(k) = 2242*k + 22422. Give m(-10).
2
Let n(z) = z**3 - 318*z**2 - 536*z + 170453. Give n(318).
5
Let x(t) = -18203*t - 618919. What is x(-34)?
-17
Let x(v) = -1273*v + 155288. Calculate x(122).
-18
Let d(n) = 7*n**2 + 2573*n - 23497. What is d(9)?
227
Let y(a) = -131*a + 9025. Calculate y(68).
117
Let b(l) = 3046*l + 1620603. Give b(-532).
131
Let o(a) = 7*a**2 - 41*a + 271. Determine o(4).
219
Let r(v) = -v**3 + 28*v**2 + 88*v + 42. Determine r(-4).
202
Let v(f) = 50709*f - 5932977. Calculate v(117).
-24
Let m(n) = 19980*n + 14345643. Determine m(-718).
3
Let g(m) = -708*m - 140198. Determine g(-198).
-14
Let f(o) = 1275*o - 30593. What is f(24)?
7
Let w(v) = -v**3 + 160*v**2 + 164*v - 51412. Determine w(159).
-55
Let d(z) = -z**3 + 254*z**2 + 11*z - 2789. Calculate d(254).
5
Let i(o) = 23908*o**2 + 95640*o + 19. Calculate i(-4).
-13
Let n(k) = -4*k**3 - 4*k**2 + 19*k - 166. Determine n(7).
-1601
Let n(z) = 19*z + 70. What is n(-84)?
-1526
Let t(g) = g**3 + 326*g**2 + 13661*g + 4274. Calculate t(-49).
-38
Let q(o) = 105300*o - 3580178. What is q(34)?
22
Let s(i) = -3*i**3 - 511*i**2 - 180*i - 1671. Give s(-170).
29
Let o(c) = 2*c**2 + 35*c - 1813. Calculate o(24).
179
Let o(y) = 14*y**2 + 1475*y + 445. Calculate o(-105).
-80
Let s(q) = -q**3 + 29*q**2 - 1541*q + 34120. What is s(24)?
16
Let z(i) = -250*i + 2380. Give z(9).
130
Let y(t) = t**3 - 12*t**2 + 53*t - 343. Give y(12).
293
Let h(u) = -u**2 + 335*u - 10615. Give h(36).
149
Let k(b) = -b**3 + 6*b**2 + 97*b - 643. Give k(10).
-73
Let r(s) = 154*s**2 + 93*s + 46. What is r(